f n.
3, 13
Let w be ((-32)/10)/(-2)*(-165)/(-22). Suppose 0*g + 72 = w*g. List the prime factors of (20/g)/((-17)/(-1224)).
2, 3, 5
List the prime factors of 638776/36 - 96/(-432).
2, 1109
Let z(t) = 2*t**2 + t - 6. Let w be z(2). Let b = 9 + w. Suppose -3*q + 51 = -3*n, -q = -2*q - 3*n + b. What are the prime factors of q?
2
Suppose -3*c + 15 = -2*k, -5*c = -2*k - 17 - 12. Let r(z) = 7*z**2 + z + 24. List the prime factors of r(c).
2, 11, 17
Let l = 11879 + -5281. What are the prime factors of l?
2, 3299
List the prime factors of (2568/(-14))/(118/(-4956)).
2, 3, 107
Let k(q) = -q**3 + 11*q**2 - 14*q + 12. Let m be k(9). What are the prime factors of (-2102)/(-8) + 3/(m/4)?
263
Suppose -2*r = -3*x + 4409, -9365 = -5*x + r - 2012. List the prime factors of x.
1471
Let t = -2220 + 2220. Let h be (-1 + 1)*2/(-4). Suppose w - 95 = -t*x + 5*x, -4*w + 5*x + 365 = h. List the prime factors of w.
2, 3, 5
Let l be -201 - ((-93)/(-33) - 2/(-11)). Let b = l - -106. Let j = 18 - b. List the prime factors of j.
2, 29
Let u = -36205 - -66801. List the prime factors of u.
2, 7649
Let l(t) = t + 1. Let o(z) = 5*z + 3. Let d(m) = 6*l(m) - o(m). Let x be d(2). Suppose 4*b + 151 = 2*g - 37, -3*g + x*b = -284. List the prime factors of g.
2, 7
Let s = 2312 - 1298. Suppose -3126 = -5*b + s. List the prime factors of b.
2, 3, 23
Let p(y) = -17*y - 288. Let z be ((-189)/42)/((-1)/(-2*4)). List the prime factors of p(z).
2, 3
List the prime factors of (16 - (17 - -2))/((-6)/58988).
2, 14747
Suppose 4*w = 3*r - 57715, -29*r - 96173 = -34*r + 4*w. What are the prime factors of r?
7, 41, 67
Let d be 10/(-15)*1707/2. Let r = 1061 + d. List the prime factors of r.
2, 3, 41
Let g(w) = -2*w**3 + 10*w**2 - 11*w + 5. Let u be g(4). What are the prime factors of -650*u/14 + -6?
11, 29
Suppose 773905 + 213059 = 30*l + 199344. What are the prime factors of l?
2, 13127
What are the prime factors of (-5659680)/(-2640) + (-4)/(-22)?
2, 67
What are the prime factors of 18/(-14)*8796067/(-1257)?
3, 2999
Let u(q) = 195*q**2 - 23*q + 397. What are the prime factors of u(10)?
71, 277
Let h(r) = -7*r**2 - 84*r + 12. Let q be h(-12). Suppose q*t - 11*t = 697. What are the prime factors of t?
17, 41
Let f(k) = k - 3. Suppose 12 = -2*m - 2*m. Let p be f(m). List the prime factors of p - -9 - (-1 + -13).
17
Let i(b) = -339*b + 7. Let d(g) = 337*g - 8. Let c(f) = 3*d(f) + 4*i(f). List the prime factors of c(-2).
2, 347
Let u be 2 + 38 - 3/6*-4. Let b = 99 - u. Let f = -28 + b. List the prime factors of f.
29
Suppose 12*y - 8288 = 4*y. Let b = -14 - -24. Suppose -3*s = -b*s + y. List the prime factors of s.
2, 37
Let l(m) = 10*m**2 - 7*m + 7. Let d(q) = q**3 - 7*q**2 - 19*q + 10. Let c be d(9). Let o be l(c). Let b(a) = 25*a - 10. List the prime factors of b(o).
2, 3, 5
Suppose 12*q - 24*q + 16176 = 0. Suppose -5*w - 1035 = -3*p, -w - 3*w + q = 4*p. List the prime factors of p.
2, 5, 17
Suppose -5*f = 4*n - 125652, 1950*n - 1949*n = 2*f - 50240. List the prime factors of f.
2, 11, 571
Let f(p) = p**3 - 12*p**2 - 11*p - 17. Let z be f(13). Let v(j) = 13*j**2 + 17*j + 20. List the prime factors of v(z).
2, 613
What are the prime factors of (-351)/15*((-45)/(-27)*-839 - 5)?
2, 3, 13, 421
Let l = -4239 + 12309. What are the prime factors of l?
2, 3, 5, 269
Let t(k) = k**3 - 3*k**2 - 7*k + 5. Let v be t(4). What are the prime factors of (-1909)/(-7) + (-2)/v?
3, 7, 13
Let i be 197*(2*3 + -3 + -2). Suppose j = w + 931, -4*j = w - 3906 + i. List the prime factors of j.
2, 29
Let m = -153 - -67. Suppose -2*j = -l - 205, -j + 4*l + 105 = 3*l. Let k = j + m. What are the prime factors of k?
2, 7
Let w(h) be the second derivative of h**4/3 + 11*h**3/6 - 19*h**2 + h + 1. What are the prime factors of w(-9)?
11, 17
Suppose -386*d + 384*d = 3*n - 11736, 2*d - 7820 = -2*n. List the prime factors of n.
2, 11, 89
Let k = -126 - -671. Let j = k - 217. List the prime factors of j.
2, 41
Suppose 10 = -5*n + 55. Let w(b) = b**2 - 6*b + 3. Let g be w(n). What are the prime factors of g/(-4 + (-140)/(-32))?
2, 5
Suppose -3*u = -3, -3*u + u - 23 = -5*x. Suppose -7*d + x*l = -3*d - 21, 4*d - 19 = 3*l. Suppose d*a + 113 = 5*a. List the prime factors of a.
113
Let r = -102 - -105. Suppose -u + 328 = -2*k, r*u - 2*k = 5*u - 662. What are the prime factors of u?
2, 3, 5, 11
Let f(u) = -u**2 - 28*u - 31. Let k be f(-15). Suppose 3*v + 1550 = 4*d, -v - 224 = -d + k. List the prime factors of d.
2, 193
Suppose -199276 = j - 19*j + 291062. What are the prime factors of j?
27241
Let m = -17 - -21. Suppose m*j + 1304 = 4*t, 5*j + t - 561 = -2215. What are the prime factors of (-80)/6*j/25?
2, 11
Let b(q) = q**3 - 3*q**2 + 3*q + 2. Let t be b(0). Suppose 6*h + 1433 = 9*h - m, 5*h - t*m - 2390 = 0. What are the prime factors of h?
2, 7, 17
Let o(p) = p**2 + 56*p - 147. What are the prime factors of o(-71)?
2, 3, 17
Suppose 0*l = 2*l + 5*d + 225, 0 = 3*l + 4*d + 348. What are the prime factors of (-5310)/l*(-40)/(-6)?
5, 59
Let t = -242 - -246. Suppose -g + 2*g = -t*b + 191, -b = 1. What are the prime factors of g?
3, 5, 13
Let w be (5750/20 + -6)/((-1)/(-2)). What are the prime factors of w/(12/6 + -1)?
563
Let g be 17*(-4)/((-4)/3). Let a(j) = 53*j + 38. Let d be a(0). Let m = g - d. List the prime factors of m.
13
Suppose -3*m - 6*c = -3*c - 1032, 4*c = -16. Suppose m = -4*r + 7*r. Let z = r - 59. List the prime factors of z.
3, 19
Let g(y) = 1021*y - 6552. List the prime factors of g(24).
2, 3, 11, 17
Suppose 4*h + 20954 + 49442 = 4*f, 0 = -5*h + 5. List the prime factors of f.
2, 5, 11
Suppose -6*l + 3*y + 63480 = 0, 5*l + 7*y = 12*y + 52910. What are the prime factors of l?
2, 3, 41, 43
Let h(t) = 92*t**2 - 119*t - 1131. List the prime factors of h(-9).
2, 3, 7, 11
Suppose -f + 3*f = -306. Let m(x) = -x**3 + 61*x**2 - 60*x + 245. Let j be m(60). Let y = f + j. List the prime factors of y.
2, 23
Let t(j) = 2*j - j - 3*j - 3 + 2. Let h be t(-2). Suppose x = 2*i - 343, -515 = -h*i + 5*x - 18. What are the prime factors of i?
2, 3, 29
Let y = -2002 - -3598. Let u = y + -1112. List the prime factors of u.
2, 11
Let b be (-12)/30 - -5 - (-4)/10. Suppose 0 = -5*v + b*g + 80, -v - 4*g = -2*v + 16. List the prime factors of (-1764)/(-16) - (3 + (-44)/v).
2, 5, 11
Suppose -68870 = -35*o - 100*o + 81250. List the prime factors of o.
2, 139
Let s = 21628 - 12791. Suppose 0 = 11*d - 2196 - s. What are the prime factors of d?
17, 59
Let c(p) = 915*p**3 - 2*p**2 - 32*p + 32. What are the prime factors of c(1)?
11, 83
Let x(b) = -5*b + 23. Let d be x(4). What are the prime factors of d/(-2) + 10962/28?
2, 3, 5, 13
Suppose -2*k + 4*i = k - 994, 0 = 5*i + 5. Suppose -8*g + k = -278. What are the prime factors of g?
2, 19
List the prime factors of 127325/30 + (-105)/90.
4243
Let i(j) = 536*j + 108. List the prime factors of i(5).
2, 17, 41
Let g(h) = 7*h**2 + 10*h + 24. Let n(k) = -6*k**2 - 11*k - 23. Let r(f) = 5*g(f) + 6*n(f). Let y(l) = -2*l - 6. Let i be y(2). List the prime factors of r(i).
2, 3, 7
Let a = -24692 - -48206. What are the prime factors of a?
2, 3, 3919
Let u = -200 - -75. Let o = 271 + u. Suppose 340 = 9*n - o. What are the prime factors of n?
2, 3
Suppose 10*f - 85745 - 78986 = 3309. What are the prime factors of f?
2, 4201
Let g(q) = 18876*q**3 + 8*q**2 + q - 10. List the prime factors of g(1).
5, 151
Let f(k) = k**3 - k**2 + 5. Let a be f(0). Suppose 0 = 3*l + a*t - 629 - 15, -4*l = 5*t - 862. What are the prime factors of l?
2, 109
What are the prime factors of (-39291)/9*(-24)/14?
2, 1871
Suppose 455*u - 102762 = 444*u. What are the prime factors of u?
2, 3, 173
Let b be 112/84*6/(-4). List the prime factors of (0 - b) + 21/1.
23
Suppose 5*n - 12852 = 3798. Suppose -5*i - 2*q + 3302 = 0, -q - 4*q = -5*i + n. Suppose i + 488 = 5*l. List the prime factors of l.
2, 5, 23
Suppose 16*f - 1271 = -15*f. Suppose f*s - 22308 = -11*s. List the prime factors of s.
3, 11, 13
Let n be 323080/60 - ((-2)/(-3) - 1). What are the prime factors of (1/(-2))/(4 + n/(-1346))?
673
Suppose -4 = -4*t - 0. Let i(n) = 7*n - 122. Let c be i(-34). What are the prime factors of (t + -2 + 15)*c/(-105)?
2, 3
Let b be (6861/(-15))/(9/(-45)) - 1. Suppose -3*l + 21*l = b. List the prime factors of l.
127
Suppose -t = -90 - 89. Suppose -a = 5*w - t